(u) = -u**3 - u**2 - 2*u - 2. Let r be f(-2). Suppose g = r*g. Suppose 2*l - 22 - 2 = g. What is the tens digit of l?
1
What is the units digit of 4 + 0 + 0 + 485?
9
Suppose -2*q = 2*q + w + 54, -3*q + 5*w = 52. Let z = -3 - q. What is the tens digit of z?
1
Let p(n) = 2*n**2 - 3*n - 2. Let a be p(-1). Suppose -3*s = -a + 6. Let j(k) = -33*k - 1. What is the tens digit of j(s)?
3
Suppose 6*b = 83 + 91. Let g = 73 + b. What is the units digit of g?
2
Let b = 6 - -1. Let z(f) be the second derivative of 5*f**3/6 - 3*f**2/2 + 28*f - 2. What is the tens digit of z(b)?
3
Let w(c) = -833*c + 7. What is the hundreds digit of w(-2)?
6
What is the hundreds digit of (-850)/(((-1)/3)/((-16)/(-96)))?
4
Suppose -2*z + j - 6*j = -655, 0 = 3*z + 4*j - 993. What is the tens digit of z?
3
Let f = -59 + 65. Suppose -14*y + 1064 = -f*y. What is the hundreds digit of y?
1
Suppose 8 = -22*i + 26*i. Suppose -i*w + 2*j + 267 = 7*j, 2*w = 2*j + 288. What is the units digit of w?
1
Let m = -913 - -1474. What is the hundreds digit of m?
5
Suppose -117*z + 29511 = -90*z. What is the units digit of z?
3
What is the hundreds digit of -4*(1 - 2058/24)?
3
Let o(q) = 124*q - 40. What is the units digit of o(19)?
6
Let b(o) = o**3 - 9*o**2 + 11*o - 12. Let g be b(9). Suppose 631 = 5*r - 4*h, -2*r - 4*h + 152 = -78. Let s = r - g. What is the tens digit of s?
3
Let d = -15 - -18. Suppose -d*r = -3*c - 2*r + 16, 2*c + r - 14 = 0. What is the tens digit of 174/4 + (-3)/c?
4
Let u(p) = p**2 - p + 5. What is the units digit of u(4)?
7
Let i = -9 + 11. Let y = i + 43. What is the tens digit of y?
4
Let f(n) = 2*n**2 - 11*n - 55. What is the tens digit of f(18)?
9
Suppose 0 = 4*a - a. Suppose -2*x + 141 + 325 = a. What is the hundreds digit of x?
2
Let w(p) = p**2 - 6*p - 5. Let x be w(7). Let n(l) = -3*l + 20*l**2 + x*l**3 - l**3 + l + 0*l - 16. What is the units digit of n(-20)?
4
Suppose -2*u + x = -3, 7*x - 1 = u + 4*x. Suppose -2*s = -14 + 6, u*t - 156 = 5*s. What is the units digit of t?
8
What is the units digit of (-8)/(6/3) - (-264040)/70?
8
Let w = -2 - -292. Suppose -4*s + w = -86. What is the tens digit of s?
9
Let q = 582 + 117. What is the tens digit of q?
9
Let w be (-1)/(-4) - (-1175)/4. Suppose -5*c + w = j, -3*c - j - 3*j = -173. What is the units digit of c?
9
Suppose 5*l + b + 5174 = 24148, -b - 18966 = -5*l. What is the tens digit of l?
9
Suppose 0 = -8*v + 3*v + 30. What is the units digit of 69 + 1/((-3)/v)?
7
Let u be ((-202)/4)/(2/(-4)). Suppose f = -q + u, q - f = 4*f + 89. What is the tens digit of q?
9
What is the units digit of 73*((-2)/19 + (-388)/(-76))?
5
What is the units digit of 85/2*(1 - 226/(-10))?
3
Let q(x) = -2*x**3 - 2*x**2 - 7*x - 7. Let d be q(-5). Suppose 0 = 3*y + d - 576. What is the units digit of y?
6
Suppose -4*g = 5*g - 513. Let m = 191 - g. What is the tens digit of m?
3
Let x(d) = -6*d - 3. Let a be x(-4). Suppose 4*q - 3*q = -a. What is the tens digit of ((-112)/q)/((-2)/(-6))?
1
Suppose 5*b - 3*a + 497 - 4209 = 0, -5*b = -5*a - 3720. What is the units digit of b?
0
Suppose 15*l + 2735 - 6575 = 0. What is the tens digit of l?
5
Let a be (-33)/2 - (-12)/24. Let y be 2/4 + (-72)/a. Suppose -4*s + j = -8, -2*s - y*j + 2 = -s. What is the units digit of s?
2
Suppose 110 = -12*s + 14*s. What is the tens digit of s?
5
Let w(h) = 236*h**2 + 15*h + 4. What is the units digit of w(2)?
8
Suppose 3*q = q + d + 165, -4*q = -5*d - 345. Let o = q + -44. What is the tens digit of o?
3
Suppose -15*o = -17*o + 3*a + 2866, -o + 1443 = -4*a. What is the units digit of o?
7
Suppose 57*v - 84*v + 17334 = 0. What is the hundreds digit of v?
6
Suppose -3*t - 2*w + w = -11, -4*t - 5*w + 22 = 0. Suppose 3*f + 3*m = 168, t*m = -4 - 8. Suppose -5*v + 5 + f = 0. What is the tens digit of v?
1
Suppose -3*w - 1 - 3 = 2*z, 2*w + 4 = 0. What is the units digit of z - ((-15)/3 - 4)?
0
Suppose 0 = 32*f - 34*f + 1114. What is the tens digit of f?
5
Let v = 105 - 58. Suppose -h + 0*h = -v. What is the tens digit of h?
4
Let k = 39 + -34. What is the tens digit of (-30)/(-1) + -2 + k?
3
Let v = -67 - -71. Suppose 3*r = -2*b + 413, -r - 2*b + v*b = -151. What is the hundreds digit of r?
1
Suppose 85*w - 75*w - 570 = 0. Let x be 9/2*8/(-6). Let m = w + x. What is the units digit of m?
1
Let g(o) be the first derivative of 1 + 3*o - o**2 - 5*o - 3*o. What is the units digit of g(-9)?
3
Let j(r) = 2*r + 4. Let o be j(-4). Let b = o - 0. What is the units digit of (-1 - 39/12)*b?
7
Let o(f) = -725*f - 22. What is the tens digit of o(-3)?
5
Let z be (-2)/(-4) + 7/2. Suppose z*g - 11 = i, -5*g + 10 = -3*g + 4*i. What is the units digit of g?
3
Let l(x) = 43*x - 4. Let z be l(1). Suppose -44*r = -z*r - 910. What is the hundreds digit of r?
1
Let k(p) = 3*p**2 - p + 45. What is the hundreds digit of k(-11)?
4
Let u = 584 + -209. What is the hundreds digit of u?
3
Let t(a) = a**3 - 14*a**2 - 40*a - 18. What is the tens digit of t(17)?
6
Let m(y) = 2*y + 5. Let o be m(0). Suppose -o*l + 13 = 53. What is the units digit of l/(-4)*(-50)/(-4)?
5
Let b = -17 - -37. Let s = b + -16. Suppose 5*w - 4*h = w + 8, -7 = -3*w + s*h. What is the units digit of w?
1
Suppose 2*y = 5*y + 120. Let q = -13 - y. Let v = q - 21. What is the units digit of v?
6
Let w = 33 + -8. Let z = w + 75. Suppose -3*c = c - z. What is the tens digit of c?
2
Suppose -3*v + 4 = -11, -i = 5*v - 3085. What is the thousands digit of i?
3
Let v = -783 - -1468. What is the units digit of v?
5
What is the tens digit of (108/(-15))/(1/(-80))?
7
Let n(l) = 25*l**2 - 5*l. What is the tens digit of n(-5)?
5
Let b = -53 + 160. Suppose 2*u + 7 = -117. Let k = u + b. What is the units digit of k?
5
Suppose 5*k - 5*a - 1060 = 0, 187 = -5*k + 6*k + 4*a. What is the units digit of k?
7
Let z = 957 + -480. What is the units digit of z?
7
Let k(g) = g**2 - 10*g + 25. What is the hundreds digit of k(35)?
9
Let c(p) = p**2 + 21. Let m be c(0). Suppose 0 = 5*q + 2*i + 14, q + 3*i = 4*q + m. Let u(v) = -6*v - 9. What is the tens digit of u(q)?
1
Let c(g) = -g**3 + 24*g**2 - 24*g - 49. What is the tens digit of c(22)?
9
Let q = 1009 - 587. What is the hundreds digit of q?
4
Let i(k) = -k**3 - 8*k**2 + k + 1. Let d be i(-6). Suppose -50 = u - 4*b + 2*b, 5*u - 3*b + 222 = 0. Let q = u - d. What is the units digit of q?
5
Let h = -2008 - -3063. What is the units digit of h?
5
Suppose -d + 48 = -3*o - 76, 0 = 2*o + d + 76. Let s be (o/8)/(1/(-2)). What is the units digit of 2/(-4)*s*-9?
5
Let d be (-2)/(-9) + 160/9. What is the tens digit of (-1 - (-14)/d) + (-1628)/(-36)?
4
Suppose -2*w + 7*w - 15 = 0, 2*c = -3*w + 17. Let k = 0 + c. What is the units digit of k?
4
Let s(f) = -f - 5. Let v be s(-5). Suppose -4*y - 42 = -370. Suppose v = 4*k - 46 - y. What is the units digit of k?
2
Suppose f + 921 = 5*k, -k - 6*f + 205 = -f. What is the hundreds digit of k?
1
Let r(j) = -3*j**3 + 8*j**2 - 4*j + 24. Let u be r(7). Let d = -442 - u. What is the hundreds digit of d?
1
Suppose -6*p - 29 = -179. What is the units digit of p?
5
Let p(r) = -121*r - 89. What is the hundreds digit of p(-7)?
7
Suppose -63*q + 2376 = -60*q. What is the tens digit of q?
9
Let o(g) = 2*g**3 - 2*g**2 + 4*g - 5. Let h be o(4). Let j = -70 + h. What is the units digit of j?
7
Let j(i) = 16*i**3 - 3*i**2 + i + 1. Let s be j(1). What is the tens digit of 4*17 - (3 - s)/(-3)?
6
Suppose 0*t = -3*t + 54. Let q = t - -18. Let z = q + -8. What is the units digit of z?
8
Let r = -54 + 79. What is the units digit of r?
5
Let n = -405 + 661. Suppose -12 = -4*s, 5*c + 0*c - n = -2*s. What is the tens digit of c?
5
Let w(a) = 5*a + 6. Let z(p) = -2*p - 1. Let r(u) = -w(u) - 3*z(u). Let j = -6 - -11. What is the units digit of r(j)?
2
Suppose -71 = -16*a + 1849. What is the units digit of a?
0
Suppose 0 = 28*d - 8624 - 10304. What is the tens digit of d?
7
Suppose -7 = -2*i - 5. What is the units digit of (0 - -4)*(i - -9)?
0
Let h(x) = -65*x**3 + 8*x**2 - 20*x - 86. What is the units digit of h(-4)?
2
Let o(c) = -4*c + 2. Let z(p) = -17*p + 8. Let i(k) = 9*o(k) - 2*z(k). Let q = -211 + 206. What is the tens digit of i(q)?
1
Let j = -243 + 355. What is the tens digit of j?
1
Let n(a) = -9 + 4*a - a**2 + 14 - a. Let h = -1 + 5. What is the units digit of n(h)?
1
Let t(y) = -1 - 